of 352 and 1628?
44
What is the greatest common factor of 4577 and 199?
199
What is the greatest common factor of 286 and 182?
26
What is the greatest common divisor of 69 and 24?
3
What is the highest common divisor of 7569 and 9?
9
Calculate the greatest common divisor of 48 and 8000.
16
What is the greatest common divisor of 20 and 94080?
20
Calculate the highest common divisor of 25 and 200.
25
What is the greatest common factor of 851 and 69?
23
Calculate the greatest common factor of 246 and 2829.
123
Calculate the highest common factor of 828 and 504.
36
What is the greatest common divisor of 12 and 642?
6
Calculate the highest common factor of 1005 and 15.
15
Calculate the highest common divisor of 7047 and 54.
27
Calculate the highest common divisor of 858 and 1782.
66
Calculate the greatest common factor of 234 and 1716.
78
What is the greatest common factor of 585 and 30?
15
Calculate the highest common divisor of 112 and 392.
56
Calculate the greatest common factor of 2 and 13.
1
Calculate the greatest common divisor of 4516 and 12.
4
Calculate the highest common factor of 1868 and 4.
4
What is the greatest common divisor of 996 and 12?
12
What is the highest common factor of 87 and 29?
29
What is the greatest common divisor of 6954 and 114?
114
Calculate the greatest common divisor of 909 and 27.
9
Calculate the highest common divisor of 72 and 27.
9
What is the highest common factor of 164 and 20?
4
Calculate the greatest common divisor of 266 and 19.
19
What is the highest common divisor of 189 and 135?
27
Calculate the greatest common factor of 17 and 476.
17
What is the highest common factor of 400 and 640?
80
Calculate the greatest common factor of 16 and 344.
8
Calculate the highest common divisor of 1445 and 1275.
85
Calculate the highest common factor of 2912 and 390.
26
What is the highest common divisor of 28 and 29932?
28
Calculate the highest common factor of 184 and 1012.
92
What is the highest common factor of 923 and 71?
71
What is the highest common divisor of 10 and 1370?
10
Calculate the highest common factor of 307 and 4.
1
Calculate the greatest common factor of 7 and 175.
7
What is the greatest common factor of 11 and 1969?
11
What is the greatest common divisor of 457 and 1?
1
What is the greatest common divisor of 84870 and 345?
345
What is the highest common factor of 1197 and 266?
133
Calculate the greatest common factor of 86 and 2107.
43
What is the highest common factor of 246 and 2091?
123
What is the greatest common divisor of 2378 and 82?
82
What is the greatest common divisor of 3528 and 630?
126
What is the greatest common factor of 2156 and 3724?
196
What is the greatest common divisor of 807 and 18830?
269
Calculate the highest common factor of 230 and 23230.
230
What is the highest common factor of 306 and 1496?
34
What is the highest common divisor of 96 and 84?
12
Calculate the greatest common factor of 6183 and 6.
3
What is the greatest common factor of 1055 and 22788?
211
Calculate the greatest common factor of 495 and 594.
99
Calculate the highest common factor of 43 and 43344.
43
Calculate the highest common factor of 13362 and 204.
102
Calculate the highest common divisor of 6700 and 200.
100
Calculate the highest common factor of 972 and 288.
36
Calculate the highest common factor of 1 and 11.
1
Calculate the greatest common factor of 1550 and 950.
50
Calculate the highest common divisor of 4375 and 35.
35
Calculate the highest common divisor of 768 and 36.
12
What is the greatest common factor of 517 and 752?
47
What is the highest common divisor of 275 and 2225?
25
What is the greatest common divisor of 10 and 8630?
10
Calculate the highest common divisor of 123 and 2993.
41
Calculate the highest common factor of 5424 and 791.
113
Calculate the highest common factor of 851 and 111.
37
What is the greatest common divisor of 135 and 10065?
15
Calculate the greatest common factor of 1000 and 160.
40
Calculate the highest common divisor of 350 and 28.
14
What is the highest common factor of 1387 and 76?
19
What is the highest common factor of 645 and 45?
15
Calculate the highest common factor of 44 and 583.
11
What is the greatest common factor of 294 and 12?
6
What is the greatest common factor of 8921 and 44?
11
What is the highest common factor of 74 and 1258?
74
What is the highest common divisor of 10 and 14?
2
What is the greatest common divisor of 210 and 140?
70
What is the greatest common divisor of 6486 and 6768?
282
Calculate the highest common factor of 50 and 325.
25
What is the highest common factor of 50 and 22?
2
What is the highest common factor of 18 and 18?
18
Calculate the highest common divisor of 6556 and 396.
44
Calculate the greatest common divisor of 2 and 11150.
2
Calculate the highest common divisor of 120 and 465.
15
Calculate the greatest common divisor of 2398 and 99.
11
Calculate the highest common factor of 324 and 5346.
162
What is the highest common factor of 240 and 768?
48
Calculate the greatest common divisor of 189 and 14.
7
What is the highest common divisor of 740 and 1880?
20
Calculate the greatest common divisor of 385 and 275.
55
What is the highest common divisor of 124 and 7564?
124
Calculate the highest common factor of 5044 and 78.
26
What is the greatest common divisor of 161 and 207?
23
What is the highest common factor of 4114 and 484?
242
What is the greatest common divisor of 965 and 579?
193
Calculate the greatest common factor of 21 and 96.
3
Calculate the highest common factor of 23 and 1.
1
What is the greatest common divisor of 208 and 152?
8
Calculate the greatest common divisor of 1477 and 7.
7
Calculate the highest common factor of 406 and 7511.
203
Calculate the greatest common factor of 22 and 2.
2
What is the highest common divisor of 184 and 138?
46
Calculate the highest common divisor of 68 and 714.
34
Calculate the greatest common divisor of 64 and 5152.
32
Calculate the greatest common divisor of 146 and 2482.
146
Calculate the greatest common factor of 16816 and 16.
16
What is the highest common divisor of 17 and 1343?
17
What is the greatest common divisor of 43188 and 177?
177
What is the greatest common factor of 20 and 38?
2
What is the greatest common divisor of 403 and 130?
13
What is the highest common divisor of 28 and 2674?
14
What is the highest common divisor of 118 and 8614?
118
What is the greatest common divisor of 515 and 1648?
103
Calculate the highest common divisor of 7981 and 23.
23
Calculate the highest common factor of 1786 and 38.
38
What is the highest common factor of 9988 and 4?
4
Calculate the highest common divisor of 3731 and 91.
91
What is the highest common divisor of 1331 and 968?
121
What is the greatest common divisor of 31 and 713?
31
Calculate the highest common divisor of 954 and 8.
2
Calculate the highest common divisor of 132 and 3228.
12
What is the greatest common divisor of 4672 and 64?
64
What is the highest common factor of 5529 and 2037?
291
Calculate the highest common factor of 66 and 44.
22
What is the greatest common factor of 556 and 13066?
278
What is the highest common factor of 72 and 132?
12
What is the highest common factor of 2482 and 306?
34
Calculate the highest common factor of 33 and 264.
33
Calculate the highest common divisor of 151 and 302.
151
Calculate the highest common divisor of 188 and 16.
4
What is the greatest common divisor of 938 and 98?
14
Calculate the highest common divisor of 12 and 100.
4
What is the highest common divisor of 107 and 963?
107
What is the greatest common factor of 325 and 5915?
65
Calculate the highest common factor of 37733 and 97.
97
What is the greatest common divisor of 343 and 21?
7
Calculate the highest common divisor of 729 and 324.
81
What is the greatest common factor of 875 and 21?
7
Calculate the greatest common factor of 238 and 28.
14
What is the greatest common divisor of 2525 and 25?
25
Calculate the highest common factor of 144 and 3636.
36
What is the highest common divisor of 14 and 2674?
14
What is the highest common divisor of 2847 and 195?
39
What is the greatest common divisor of 54 and 108?
54
What is the highest common factor of 22 and 3531?
11
Calculate the highest common divisor of 551 and 171.
19
Cal